ivided by 4?
1
What is the remainder when 635105 is divided by 75?
5
Calculate the remainder when 48294 is divided by 2293.
141
Calculate the remainder when 30244 is divided by 144.
4
Calculate the remainder when 4157 is divided by 476.
349
What is the remainder when 5081 is divided by 1688?
17
Calculate the remainder when 54 is divided by 20.
14
What is the remainder when 311247 is divided by 16?
15
Calculate the remainder when 769 is divided by 153.
4
Calculate the remainder when 780 is divided by 671.
109
Calculate the remainder when 25897 is divided by 48.
25
Calculate the remainder when 10488 is divided by 2049.
243
What is the remainder when 82956 is divided by 976?
972
Calculate the remainder when 1470 is divided by 391.
297
What is the remainder when 32518 is divided by 53?
29
Calculate the remainder when 70147 is divided by 119.
56
Calculate the remainder when 2207 is divided by 2185.
22
What is the remainder when 10314 is divided by 103?
14
Calculate the remainder when 68005 is divided by 31.
22
What is the remainder when 83740 is divided by 27911?
7
Calculate the remainder when 767330 is divided by 191831.
6
Calculate the remainder when 1346 is divided by 18.
14
What is the remainder when 912059 is divided by 30?
29
What is the remainder when 2665 is divided by 378?
19
Calculate the remainder when 1511 is divided by 31.
23
What is the remainder when 2963050 is divided by 18?
16
What is the remainder when 86542 is divided by 698?
688
What is the remainder when 3357 is divided by 3324?
33
Calculate the remainder when 1058 is divided by 940.
118
What is the remainder when 272417 is divided by 106?
103
Calculate the remainder when 443788 is divided by 151.
150
What is the remainder when 10094 is divided by 5?
4
Calculate the remainder when 40218 is divided by 773.
22
Calculate the remainder when 4035 is divided by 212.
7
Calculate the remainder when 14691 is divided by 66.
39
What is the remainder when 47755 is divided by 134?
51
What is the remainder when 90512 is divided by 404?
16
Calculate the remainder when 10573353 is divided by 1663.
1662
What is the remainder when 123682 is divided by 57?
49
What is the remainder when 51342 is divided by 626?
10
Calculate the remainder when 952222 is divided by 929.
926
Calculate the remainder when 156024 is divided by 279.
63
Calculate the remainder when 94219 is divided by 270.
259
What is the remainder when 12224 is divided by 2751?
1220
Calculate the remainder when 152736 is divided by 13.
12
What is the remainder when 54265 is divided by 33?
13
What is the remainder when 55422 is divided by 32?
30
Calculate the remainder when 6374 is divided by 1545.
194
What is the remainder when 3945420 is divided by 559?
557
Calculate the remainder when 8559 is divided by 94.
5
What is the remainder when 1832575 is divided by 824?
823
What is the remainder when 3656 is divided by 47?
37
What is the remainder when 114097 is divided by 713?
17
Calculate the remainder when 16619 is divided by 9.
5
Calculate the remainder when 16620 is divided by 791.
9
Calculate the remainder when 11599 is divided by 147.
133
Calculate the remainder when 505 is divided by 280.
225
What is the remainder when 11233 is divided by 808?
729
What is the remainder when 226663 is divided by 76?
31
What is the remainder when 73 is divided by 28?
17
What is the remainder when 47913 is divided by 15786?
555
What is the remainder when 1055 is divided by 82?
71
Calculate the remainder when 1510 is divided by 353.
98
Calculate the remainder when 52834 is divided by 259.
257
What is the remainder when 127 is divided by 20?
7
Calculate the remainder when 59227 is divided by 439.
401
What is the remainder when 4478 is divided by 2213?
52
Calculate the remainder when 4647 is divided by 2298.
51
What is the remainder when 11003 is divided by 42?
41
Calculate the remainder when 2885 is divided by 3.
2
Calculate the remainder when 5952 is divided by 1840.
432
Calculate the remainder when 49759 is divided by 67.
45
Calculate the remainder when 1665 is divided by 62.
53
What is the remainder when 105569 is divided by 102?
101
Calculate the remainder when 18294 is divided by 69.
9
Calculate the remainder when 157909 is divided by 4.
1
What is the remainder when 1427 is divided by 164?
115
Calculate the remainder when 12249 is divided by 245.
244
What is the remainder when 185210 is divided by 38?
36
Calculate the remainder when 151799 is divided by 100.
99
What is the remainder when 2880 is divided by 606?
456
What is the remainder when 8262 is divided by 2746?
24
Calculate the remainder when 1351 is divided by 518.
315
Calculate the remainder when 61 is divided by 34.
27
What is the remainder when 136534 is divided by 11377?
10
Calculate the remainder when 4302 is divided by 16.
14
Calculate the remainder when 14125 is divided by 96.
13
Calculate the remainder when 150959 is divided by 272.
271
Calculate the remainder when 5125 is divided by 512.
5
Calculate the remainder when 8287 is divided by 56.
55
What is the remainder when 100365 is divided by 12533?
101
What is the remainder when 1087 is divided by 353?
28
What is the remainder when 1034394 is divided by 17?
12
What is the remainder when 694877 is divided by 147?
8
Calculate the remainder when 9409 is divided by 261.
13
What is the remainder when 13107 is divided by 594?
39
What is the remainder when 3894 is divided by 332?
242
What is the remainder when 5909 is divided by 104?
85
What is the remainder when 346 is divided by 127?
92
What is the remainder when 14112 is divided by 220?
32
What is the remainder when 19123 is divided by 531?
7
What is the remainder when 11079 is divided by 94?
81
Calculate the remainder when 19168 is divided by 19154.
14
What is the remainder when 2617 is divided by 101?
92
What is the remainder when 303455 is divided by 75854?
39
What is the remainder when 53809 is divided by 17904?
97
What is the remainder when 1009193 is divided by 566?
15
Calculate the remainder when 22773 is divided by 131.
110
Calculate the remainder when 399528 is divided by 12485.
8
Calculate the remainder when 9454 is divided by 2.
0
Calculate the remainder when 1464817 is divided by 146.
145
What is the remainder when 941981 is divided by 19?
18
Calculate the remainder when 39057 is divided by 210.
207
What is the remainder when 1061 is divided by 1048?
13
Calculate the remainder when 137417 is divided by 1883.
1841
What is the remainder when 3163401 is divided by 478?
475
Calculate the remainder when 5780 is divided by 713.
76
What is the remainder when 2959 is divided by 110?
99
What is the remainder when 50727 is divided by 95?
92
Calculate the remainder when 2034 is divided by 472.
146
Calculate the remainder when 261067 is divided by 294.
289
Calculate the remainder when 10200 is divided by 542.
444
Calculate the remainder when 12650 is divided by 195.
170
What is the remainder when 4079 is divided by 875?
579
What is the remainder when 48208 is divided by 99?
94
Calculate the remainder when 219876 is divided by 54967.
8
Calculate the remainder when 3447 is divided by 249.
210
Calculate the remainder when 113541 is divided by 343.
8
Calculate the remainder when 69470 is divided by 208.
206
What is the remainder when 3156118 is divided by 223?
222
Calculate the remainder when 2537 is divided by 117.
80
What is the remainder when 3011727 is divided by 15?
12
Calculate the remainder when 190165 is divided by 11.
8
Calculate the remainder when 1718 is divided by 519.
161
What is the remainder when 165461 is divided by 86?
83
What is the remainder when 391505 is divided by 123?
119
What is the remainder when 8646059 is divided by 290?
289
What is the remainder when 26072 is divided by 89?
84
Calculate the remainder when 36935 is divided by 214.
127
What is the remainder when 2059809 is divided by 261?
258
Calculate the remainder when 39757 is divided by 1282.
15
Calculate the remainder when 8421 is divided by 34.
23
Calculate the remainder when 86302 is divided by 186.
184
What is the remainder when 5486 is divided by 115?
81
Calculate the remainder when 62450 is divided by 1900.
1650
What is the remainder when 1104 is divided by 392?
320
What is the remainder when 392433 is div